mainder when 16 is divided by (-4)/c + (-40)/(-6)?
4
Let w = 6 + -4. Suppose -10 + w = -4*i. Suppose 0 = -3*r - q + 72, -i*r + 6 = -2*q - 34. What is the remainder when r is divided by 6?
5
Let g be 3 + -1 + 16/(-1). Let l = 24 + g. Calculate the remainder when 27 is divided by l.
7
Let q = 18 + -4. Suppose q + 31 = -5*v. Calculate the remainder when (-193)/(-5) + v/15 is divided by 10.
8
Suppose 5*l = -2*j + 11, -4*l + l - 12 = -5*j. Let p = -5 - l. Calculate the remainder when 34 is divided by (-2)/(-6) - 70/p.
10
Let r(n) = n**2 - n - 10. Let f be r(8). Suppose -2*d + 54 = 4*p + 14, p + f = 3*d. What is the remainder when 29 is divided by d?
13
Suppose 2*j + 2*j + 40 = 0. What is the remainder when (j/8)/(9/(-108)) is divided by 4?
3
Let y(t) be the first derivative of -3*t**4/2 + 2*t**3/3 + 3*t**2/2 + 3*t - 2. Let b = 51 + -37. What is the remainder when y(-2) is divided by b?
11
Let d(m) = -2*m + 2. Suppose -51 = -g + 31. Suppose q + g = 3*p, 0 = -2*p - p - 2*q + 97. Calculate the remainder when p is divided by d(-4).
9
Let m(z) = -z - 2. Let p be m(2). Let i(w) = w**2 + 3*w - 2. Let f be i(p). Let v = 5 - f. What is the remainder when 4 is divided by v?
1
Calculate the remainder when 2/(-13) - (-1743)/91 is divided by 4.
3
Let g(s) = 2*s**2 + 2*s + 1. Let c be g(-4). Let t(k) = -4*k - 8. Let j be t(-6). Let y = c - j. What is the remainder when y is divided by 5?
4
Suppose -3*h = h - 244. Calculate the remainder when h is divided by 32.
29
Suppose c - 2 = -d, 3*c + 4*d - 2 = -0*c. Calculate the remainder when (10/15)/((-4)/(-102)) is divided by c.
5
Let t = -30 + 15. Let k = 25 + t. What is the remainder when 17 is divided by k?
7
Suppose -2*g = 5*x - 129 + 18, -90 = -5*x + 5*g. Suppose -h + 56 = 16. What is the remainder when h is divided by x?
19
Let q(v) = -v - 19. Let r be q(-11). Let k = 13 - r. Calculate the remainder when k is divided by 8.
5
Suppose -4*c + 45 = -c + 5*y, -5*y - 30 = -2*c. Suppose 0*i + i - c = 0. Calculate the remainder when i is divided by 8.
7
What is the remainder when (-1)/2 + 1612/8 is divided by 12?
9
Let b = 44 - 34. What is the remainder when 67 is divided by b?
7
Let z(i) = 5*i + 25. Let u(l) = 2*l + 12. Let w(p) = 7*u(p) - 3*z(p). What is the remainder when 66 is divided by w(-14)?
20
Let q = 1 + -2. Let o = q - -3. Suppose 45 + 9 = o*b. Calculate the remainder when b is divided by 14.
13
Calculate the remainder when 73 is divided by (-1)/((-25)/65)*5.
8
Let k be ((-29)/(-2))/(11/6600). Calculate the remainder when k/65 + (-4)/(-26) is divided by 34.
32
Let n(h) = h**3 - 2*h**2. Let p be n(2). Suppose b - 5*b = p. Suppose 76 = 3*r - 2*y, 2*r - y - 47 - 4 = b. What is the remainder when 51 is divided by r?
25
Let f(v) = 3*v**3 - 3*v**2 - 6*v - 1. What is the remainder when f(5) is divided by 30?
29
Let y(i) = i**3 + 3*i**2 - 2*i + 1. Let r = -46 - -78. Calculate the remainder when r is divided by y(2).
15
Suppose -12*w = -3*w - 1377. What is the remainder when w is divided by 39?
36
Calculate the remainder when 23 + 0/(-3) - 2 is divided by 11.
10
Let w = -96 - -166. Suppose d - w = -24. What is the remainder when d is divided by 8?
6
Suppose -x - 5*c = -173 - 17, 2*x = -3*c + 380. Calculate the remainder when x/8 + 3/12 is divided by 13.
11
Let i(x) = -3*x - 7. Let p(o) = 15*o + 36. Let t(q) = -11*i(q) - 2*p(q). Let s = -16 - -31. What is the remainder when t(8) is divided by s?
14
Let a = 10 + -1. Let s(w) = -w - 1. Let z be s(-3). Suppose -2*x = 3*h - 34, 4*x - 96 + 28 = -z*h. What is the remainder when x is divided by a?
8
Calculate the remainder when 110 is divided by (-21)/5 + 1/5 - -20.
14
Suppose -2*p - 4*n - 5 = -1, -4*p - 3*n = -7. Suppose -t - 2*t - 13 = y, 5*y = t + 15. Calculate the remainder when y + 8 - 0/(-2) is divided by p.
2
Let c be (-3 - -2)/((-2)/(-12)). Let n = 0 - c. Calculate the remainder when 16 is divided by n.
4
Suppose 0 = u + 2 + 6. Suppose -5*y - 142 = -4*p, -2*y = -y + 3*p + 36. Let a = u - y. What is the remainder when a is divided by 8?
6
Suppose -4*s - 10 = -3*u + 2*u, 5*u + 25 = -5*s. Let t(l) = 7*l**2 + 6*l + 4. What is the remainder when t(s) is divided by 17?
15
Let x(q) = -5*q + 2. Let u(a) = -a. Let y be u(0). Suppose 4*l + 45 = 5*o, 20 = -2*l - y*l + 2*o. What is the remainder when x(l) is divided by 10?
7
Let q(c) = -c - 6. Let w be q(-7). Let z(d) = 22*d + 1. What is the remainder when z(w) is divided by 12?
11
Let n(j) = 17*j**3 - j**2 + 2*j - 1. Suppose 2*r - o - 60 = 7*r, 4*o + 53 = -3*r. Let a = -2 - r. Calculate the remainder when n(1) is divided by a.
8
Suppose -5*a + 13 = -3*s, -s + 3*a = -0*a + 11. Suppose -5*r + 15 = -0*r, 2*w - 40 = s*r. Calculate the remainder when w is divided by 9.
8
Let o(k) = k**2 - 8*k + 8. Suppose -2*q + 4 + 3 = -5*p, p = -5*q + 31. Let m be o(q). What is the remainder when 31 is divided by (-7 - -6)*2*m?
7
Let u(y) = -26*y - 1. Suppose 13*n = 431 + 531. Calculate the remainder when n is divided by u(-1).
24
Let c = 13 - 4. Let j(u) = u**3 - 10*u**2 + 11*u + 15. Calculate the remainder when j(9) is divided by c.
6
What is the remainder when (-82)/((-7)/(14/4)) is divided by 22?
19
Let q = 1 + 1. Suppose -5*u + 27 = q. Suppose -4 = 4*w + 4*o, 8*w - 25 = 3*w + u*o. What is the remainder when 2 is divided by w?
0
Suppose -15 = -3*k - 2*k. Suppose 3 = -k*f + 9. What is the remainder when (2*15/6)/1 is divided by f?
1
Let o = 78 - 47. Calculate the remainder when 122 is divided by o.
29
Suppose -r = l - 67 - 1, -5*r = 3*l - 330. What is the remainder when r is divided by 13?
11
Suppose 0 = -11*d + 7*d + 132. What is the remainder when d is divided by 12?
9
Suppose 12 = -3*l, -2*l + 6 = 4*b - 10. Let i = 0 + b. What is the remainder when 23 is divided by i?
5
Let b = -2 + 9. Let o(d) = 3*d - 1. Let k be o(3). Suppose -56 + k = -4*p. Calculate the remainder when p is divided by b.
5
Let l(y) = 5*y**3 + y. Let p be l(-1). Calculate the remainder when (-2073)/(-33) - p/33 is divided by 16.
15
Let y(u) = -u - 2. Let z be y(-6). Suppose -w + 14 = f, f = z - 6. Suppose 0 = -99*n + 94*n + 150. Calculate the remainder when n is divided by w.
14
Let y = -25 + 28. Suppose 0 = y*o + 1 - 94. What is the remainder when 59 is divided by o?
28
Let q(o) = o**3 - 4*o**2 + 7*o - 6. Calculate the remainder when 23 is divided by q(3).
5
Let l = 21 + -18. What is the remainder when 9 is divided by l?
0
Suppose 2*b + 4 - 6 = 0, 0 = -4*a + b - 101. Calculate the remainder when 14 is divided by (-210)/a + (-2)/5.
6
Let p = -95 + 154. Calculate the remainder when p is divided by 15.
14
Suppose -5*x = -x - 16. Suppose -2*d - 5*g + 43 = 5, 4*g = -x*d + 52. Let w = 6 + -1. Calculate the remainder when d is divided by w.
4
Let b(y) = -2*y**2 - 10*y + 1. What is the remainder when 37 is divided by b(-3)?
11
Suppose 12 + 0 = -4*s. What is the remainder when (3/6)/(s/(-54)) is divided by 5?
4
Let u be ((-3)/(-2))/((-3)/(-8)). Suppose -3*m + u*m = 54. What is the remainder when m is divided by 14?
12
Suppose 1 + 67 = o. Suppose 4*h - o = 1120. Suppose 0 = -4*z - 21 + h. Calculate the remainder when z is divided by 18.
15
Let j(q) = -2*q**3 - 10*q**2 + 3*q + 35. Let g(o) = -3 + 2*o**3 + 3*o**3 - 2*o**2 + 5*o**3 + 4*o. What is the remainder when g(2) is divided by j(-5)?
17
Suppose 0 = -t + 4 - 1. Suppose 0*w - w + t*r = -20, -5*w + 30 = -r. What is the remainder when 17 is divided by 2/w + (-84)/(-15)?
5
Let p(s) = 6*s - 19. Let i(h) = 3*h**2 - 3*h - 4. Calculate the remainder when p(10) is divided by i(3).
13
Let s = 1 + 1. Suppose 46 + 6 = s*o. What is the remainder when o is divided by 9?
8
Suppose -2*f = 2 - 26. What is the remainder when f is divided by 7?
5
Suppose 5*q - 180 = -15. Calculate the remainder when 129 is divided by q.
30
Suppose -x = -2*o - 16, 3*x + 5*o - 64 = 3*o. Let a = -7 + x. Let q = -18 + 42. What is the remainder when q is divided by a?
11
Suppose 0 = -q + 25. Suppose i = 2*i - q. Suppose 0 = t - 2*t + 7. Calculate the remainder when i is divided by t.
4
Suppose 0 = -4*f + 4*p + 13 + 3, 13 = 4*f - p. Suppose 3*w = -2*m + 16, 5*w - 31 = -5*m + 2*w. What is the remainder when m is divided by f?
2
Let n be (1/1)/(1/2). Suppose 0 = -n*i + i + 18. Calculate the remainder when i is divided by 10.
8
Let k be 16/12*30/4. Suppose -2*m + w = -3